er?
True
Is (2/(-8))/((-69)/(-92)) - 672308/(-6) a prime number?
False
Let y = 200223 + -128236. Is y a prime number?
True
Suppose -2*d = -g - 50, -2*d + d + 2*g + 22 = 0. Let v be 1364/(-3)*(2 - d/4). Let r = 131 + v. Is r prime?
False
Is 4730/2150 + (-4009744)/(-5) composite?
True
Is (-1 - -1) + 34405 + 2/(-1) a composite number?
False
Let f = 16998 + -9054. Suppose 11*k - k = 3*k. Suppose k*p - 8*p = -f. Is p prime?
False
Let k(w) = -w**2 + 14*w - 8. Let z be k(13). Suppose y = -2*j - 31, -2*j + 3*j - z*y = -32. Let g(x) = -67*x + 6. Is g(j) composite?
True
Is (-102049)/(-152) + 8 - (-3)/(-8) a prime number?
False
Let x(n) = -n**3 - 2*n + 10. Let p be x(0). Suppose -2*a + p = 0, -5*t + 3*a - 20 = 10. Is t + 42 + 3 + -3 composite?
True
Let d = 29325 - -41644. Is d prime?
True
Suppose l = -128124 + 935990. Is l a composite number?
True
Let d(p) = -2223*p + 4348. Is d(-13) prime?
True
Suppose 31*y = 34*y - 6. Suppose 5*p = -6*b + 11*b + 2105, -y*b = -4*p + 1680. Is p a prime number?
True
Let d(g) = 6533*g**2 - 9*g + 1. Let a(q) = 3266*q**2 - 4*q + 1. Let b(w) = 13*a(w) - 6*d(w). Is b(-2) prime?
True
Let x(q) = 9*q + 205. Let s be x(-21). Suppose -2*u + 9737 = 3*b, s - 21 = -5*b. Is u prime?
False
Let y be (-28)/(-8)*8/7. Suppose -j + 122 = m, 0 = -y*j + 6*j + 4*m - 236. Let g = 7 + j. Is g a prime number?
False
Let y be ((-2)/4 + 1)*(-60)/1. Let j be ((-1455)/y)/(2/60). Is ((-5)/15)/((-1)/j) a composite number?
True
Let c(y) = -2740*y + 753. Is c(-2) a composite number?
True
Let i(q) = -1096*q**3 - 30*q**2 - 37*q + 51. Is i(-14) a composite number?
False
Suppose 75*c - 38*c + 880564 = 41*c. Is c composite?
False
Let g = -4097 + 7859. Is g + -5 + 6 + 6/(-3) a prime number?
True
Let g(v) = 411*v - 46. Let b(c) = -c**2 + 2*c + 16. Let r be b(3). Is g(r) a composite number?
False
Let p(j) = 3505*j - 2088. Is p(17) composite?
True
Is (((-725745)/2)/(-5))/((-16)/(448/(-42))) prime?
True
Let s = 390938 + -253371. Is s a prime number?
True
Let u = -64291 + 97001. Let w(n) = -n**3 + 8*n**2 - 6*n - 3. Let f be w(7). Is u/70 - f/14 composite?
False
Let f(h) = 4 + 4*h**3 - 23*h**3 + 4*h**2 + h + 8. Let l be f(-5). Let o = l + -1704. Is o a composite number?
True
Let x = 217655 + -152296. Is x composite?
True
Let m = -13 + 13. Is 653 + m + 13 + -17 composite?
True
Let u = 269 - 269. Suppose 0 = -3*j - m + 19848, 0 = 2*j - u*j + 3*m - 13225. Is j a composite number?
True
Let b(c) = 110*c**2 + 78*c + 821. Is b(-16) a composite number?
False
Suppose 3*s - 80351 = 2*j, 3*s - 5*s - 4*j = -53578. Suppose -s = -2*u - 3*d, -d = 2*u + 2207 - 28998. Is u composite?
False
Let r(z) = z**3 - 5*z**2 + 3*z - 19. Let a be r(6). Suppose -3*o = a - 32. Is ((-398)/4)/(o/2) composite?
False
Suppose -3*i = -5*v + 21606, -2*v = 4*i - 3*i - 8638. Suppose -8*l + 12656 - v = 0. Is l prime?
False
Suppose 0 = 3*g - m - 127396, -3*g - 3782*m = -3777*m - 127426. Is g a composite number?
False
Let w = -565 + 69. Let a = w - -885. Is a composite?
False
Suppose -62195 = 602*k - 607*k. Let c = -3776 + k. Is c a composite number?
False
Let k(b) = 6492*b**2 + 578*b - 29. Is k(8) prime?
False
Let g(x) = 274 - 131 - 142. Let w(r) = r**2 - 9*r - 59. Let d(n) = 5*g(n) + w(n). Is d(16) composite?
True
Let u(g) = 7032*g**2 + 3*g - 4. Suppose -12*y = 14 - 26. Is u(y) a composite number?
True
Let h(d) = -4681*d - 29. Let p(u) = -u. Let n(b) = -h(b) - 2*p(b). Is n(8) a composite number?
False
Suppose -632275 = -788*z + 783*z. Is 1/((-101129)/z + 8/10) composite?
False
Suppose -3*v - q + 36920 = 4*q, 5*v - 5*q = 61600. Suppose 3*b + 4*s = v, -b + 5*s + 0*s + 4086 = 0. Is b a prime number?
False
Let f = 53 + -49. Suppose 6*o - 7*o - 5*n - 1190 = 0, 0 = -3*o + f*n - 3513. Let w = o - -1654. Is w composite?
False
Is (39/6 - (-54740)/(-168))/(4/(-6186)) prime?
False
Is -2*28/8 + (-19)/((-228)/2511816) composite?
False
Suppose 14*h - 1209438 - 2853628 = 0. Is h a composite number?
False
Suppose -11*g = 16*g - 378. Is 310/(-35) + 9 + 61976/g prime?
False
Suppose 0 = -17*n + 209540 + 97293. Let m = n + -9030. Is m prime?
False
Let o = -56 - -54. Is -4*o/24*2721 a prime number?
True
Let i be (-1 + -2)*(23 - 8). Let x = i + 96. Suppose 67 = 4*m + 3*g, 0 = -m - m - 5*g + x. Is m a prime number?
True
Let g(b) = -b**3 + 36*b**2 - 29*b - 23. Let m be 3/(-12)*-2 - 3/(-2). Suppose -2*q - m = 0, -2*n + 6*n - 117 = 5*q. Is g(n) a prime number?
True
Let f = 187 + -180. Is (6962/4)/(f/14) a composite number?
True
Suppose 1481033 + 1596311 = 11*u + 797022. Is u composite?
True
Let x(p) be the third derivative of p**5/6 - 13*p**4/24 + p**3/3 - 12*p**2. Let w be 47/5 + (34/(-10) - -3). Is x(w) composite?
True
Let t = -30304 - -57477. Is t a prime number?
False
Suppose 2*d = -10, 0 = 7*j - 2*j + 5*d - 4070. Let x = 1970 - j. Is x prime?
True
Let r be (-38)/(-2) - -1*(2 + 1). Suppose -x = 2*x - 4*y - r, -5*y - 24 = -2*x. Suppose -x*h + 23 = -h. Is h a composite number?
False
Let l(z) = -z**3 + 8*z**2 + 2*z - 14. Let x be l(8). Let v(n) = 10*n - 6*n + 6*n**x + 7*n**2 - 16. Is v(7) composite?
True
Suppose x - 13285 = 17163. Suppose -x = 16*r - 184800. Is r a prime number?
False
Is (-996765)/(-25) - ((-36)/65 + 90/585) a composite number?
True
Suppose 4*i + 12 = 0, 3*p + 2*i = -74491 + 1741468. Is p a composite number?
False
Is ((-1)/(-3) + 26072510/(-15))*30/(-90) a composite number?
True
Suppose -4*w = -121 + 113. Let r = -1 - -1. Suppose r*h - 416 = -4*l - h, w*l - 2*h = 198. Is l a prime number?
True
Is (21/(147/21341089))/11 composite?
False
Suppose 2*c = 4*y + 11072, 3*c + 13839 = -5*y + 6*c. Suppose -5*q - 4567 = 4*b - 24109, 8 = -4*q. Let i = b + y. Is i prime?
False
Let f = -71 + 404. Suppose 0 = -2*m + 3*m - f. Is m/(-18)*-1*14 prime?
False
Let o(y) = 2*y + 3. Let v be o(4). Suppose 0 = -n - 29 + v. Let g = n + 355. Is g composite?
False
Let t(d) = -2*d**2 - d - 8. Let r be t(0). Let h be ((-12)/r)/(3/40*1). Is (-8)/(-20) + 16692/h a prime number?
False
Let p = -23334 + 48815. Is p prime?
False
Suppose 18*n - 9*n - 43*n = -82758482. Is n composite?
False
Suppose 3*o - 356 = 7*b - 12*b, 2*o - 3*b - 269 = 0. Suppose -5055 = o*x - 132*x. Is x a composite number?
True
Let m(q) = -4*q + 13*q + q**2 - 2 - 11. Let s be m(-10). Is (-69 + 2)/(3/s) prime?
True
Suppose 4*m - 174649 - 119683 = 0. Is m composite?
False
Let i(s) = -1041*s - 1574. Is i(-35) prime?
False
Is 3/9 - -1 - (11 + (-357044)/3) a composite number?
True
Let r be (-5)/((-1299)/649 - (-3 + 1)). Let j = 5292 - r. Is j prime?
False
Let x = 484 + -474. Suppose -13*d + x = -15*d, d = z - 8292. Is z a prime number?
True
Let n be -1*(-15)/6*24/15. Let r = -17 - -20. Suppose -15 = -r*d, m - n*m + d = -640. Is m a prime number?
False
Suppose -2*n + 56 = 4*p, n - 5*p - 46 = -p. Let r be (-6)/14 + 1/(14/n). Is -7 + r - (-10 - 740) prime?
False
Suppose a - 4*t - 11577 = 0, -2*t - 21213 = -5*a + 36564. Is a a prime number?
False
Suppose -5*c - 2*k = -150, 3*c - k = -0*k + 90. Is 337 + c + (0 - -4) a composite number?
True
Suppose -371*f - 1541616 = -419*f. Is f composite?
False
Let u = -234853 + 393372. Is u a composite number?
False
Let g = 15815 - 7684. Is g a prime number?
False
Suppose -8*c + 48799 = l - 6*c, -l + 3*c + 48809 = 0. Is l a prime number?
False
Suppose -4*f + 2*v = -106, 2*f = -8*v + 5*v + 65. Suppose -46*q + f*q + 121842 = 0. Is q composite?
True
Suppose -5*c - 5 = 4*g, 2*g + 4*c + 5 + 5 = 0. Suppose -3219 = -2*i - 4*r + 427, -9171 = -g*i + 4*r. Is i a prime number?
True
Suppose 4*z = 3*z + 5*d - 18441, 2*z + 36957 = -5*d. Let s = z + 26319. Is s prime?
True
Suppose 3*v - 3*j = 354555, 229044 = 4*v + j - 243681. Suppose -31*z = -468513 + v. Is z a prime number?
False
Let f(r) = -37*r**3 - r**2 - 6*r - 1. Let w = 246 - 249. Is f(w) a composite number?
True
Let w = -652 - -658. Let a(s) = 250*s**2 - 5*s + 29. Is a(w) a composite number?
False
Let b be (2740/15)/(11/330). Suppose 2*y - 3366 = -2*p + b, 2*y + 3*p - 8846 = 0. Is y a prime number?
True
Let g be 1 + 0 + 3 + 5711. Let p = -758 + g. Is p prime?
True
Suppose -47*a + 46*a = -92. Is (-27438)/(-42) - (-3 - a/(-28)) prime?
True
Let b be 71784/21 - (-14)/(-49). Suppose 0 = -6*t + 18220 - b. Is t composite?
False
Suppose -147*q - 18820527 = 8666957 - 187658537. Is q a prime number?
False
Let b(j) =